{"id":905,"date":"2023-07-07T12:58:01","date_gmt":"2023-07-07T10:58:01","guid":{"rendered":"https:\/\/herberge.org\/wordpress\/?page_id=905"},"modified":"2023-11-20T12:50:56","modified_gmt":"2023-11-20T11:50:56","slug":"wohnungslosennotfallhilfe","status":"publish","type":"page","link":"https:\/\/herberge.org\/wordpress\/wohnungslosennotfallhilfe\/","title":{"rendered":"Wohnungslosenhilfe"},"content":{"rendered":"\n<p>Unser Verein betreibt zwei Projekte der Wohnungslosennotfallhilfe in Leipzig:<\/p>\n\n\n\n<p><a href=\"https:\/\/herberge.org\/wordpress\/helenenstrasse-26-uebernachtungshaus-fuer-wohnungslose-maenner\/\" data-type=\"page\" data-id=\"957\">\u00dcbernachtungshaus f\u00fcr wohnungslose M\u00e4nner &#8211; Helenenstra\u00dfe 26<\/a><br><a href=\"https:\/\/herberge.org\/wordpress\/wohnprojekt-gs407-ambulant-betreutes-wohnen\/\" data-type=\"page\" data-id=\"908\">Wohnprojekt Georg-Schumann-Str. 407 &#8211; Ambulant betreutes Wohnen <\/a><\/p>\n","protected":false},"excerpt":{"rendered":"<p>Unser Verein betreibt zwei Projekte der Wohnungslosennotfallhilfe in Leipzig: \u00dcbernachtungshaus f\u00fcr wohnungslose M\u00e4nner &#8211; Helenenstra\u00dfe 26Wohnprojekt Georg-Schumann-Str. 407 &#8211; Ambulant betreutes Wohnen<\/p>\n","protected":false},"author":1,"featured_media":0,"parent":0,"menu_order":0,"comment_status":"closed","ping_status":"closed","template":"","meta":{"footnotes":""},"class_list":["post-905","page","type-page","status-publish","hentry"],"_links":{"self":[{"href":"https:\/\/herberge.org\/wordpress\/wp-json\/wp\/v2\/pages\/905","targetHints":{"allow":["GET"]}}],"collection":[{"href":"https:\/\/herberge.org\/wordpress\/wp-json\/wp\/v2\/pages"}],"about":[{"href":"https:\/\/herberge.org\/wordpress\/wp-json\/wp\/v2\/types\/page"}],"author":[{"embeddable":true,"href":"https:\/\/herberge.org\/wordpress\/wp-json\/wp\/v2\/users\/1"}],"replies":[{"embeddable":true,"href":"https:\/\/herberge.org\/wordpress\/wp-json\/wp\/v2\/comments?post=905"}],"version-history":[{"count":6,"href":"https:\/\/herberge.org\/wordpress\/wp-json\/wp\/v2\/pages\/905\/revisions"}],"predecessor-version":[{"id":964,"href":"https:\/\/herberge.org\/wordpress\/wp-json\/wp\/v2\/pages\/905\/revisions\/964"}],"wp:attachment":[{"href":"https:\/\/herberge.org\/wordpress\/wp-json\/wp\/v2\/media?parent=905"}],"curies":[{"name":"wp","href":"https:\/\/api.w.org\/{rel}","templated":true}]}}