{"id":861,"date":"2023-03-07T13:27:01","date_gmt":"2023-03-07T12:27:01","guid":{"rendered":"https:\/\/www.herberge.org\/?page_id=861"},"modified":"2025-06-18T16:20:52","modified_gmt":"2025-06-18T14:20:52","slug":"kommunale-integrationskoordination-kik-leipziger-westen-naumburger-str-39","status":"publish","type":"page","link":"https:\/\/herberge.org\/wordpress\/kommunale-integrationskoordination-kik-leipziger-westen-naumburger-str-39\/","title":{"rendered":"Kommunale Integrationskoordination (KIK) Leipziger Westen\/Naumburger Str. 39"},"content":{"rendered":"\n<p>Die KIK kooperiert mit den gesellschaftlichen Tr\u00e4gern, bef\u00f6rdert die Arbeit der haupt- und ehrenamtlichen Akteure, ist Ansprechpartnerin f\u00fcr B\u00fcrger:innen und Migrant:innen und vermittelt zwischen den Beteiligten sowie kommunalen Amts- und Verantwortungstr\u00e4gern. Sie soll sich auf allen Seiten f\u00fcr passende Rahmenbedingungen bei der Integration einsetzen.<\/p>\n\n\n\n<p><strong>So erreichen Sie uns:<\/strong><\/p>\n\n\n\n<p>Kommunale Integrationskoordinatorin Leipziger Westen\/Naumburger Str. 39<br>Katja Dorsch<\/p>\n\n\n\n<p>Pandechaion \u2013 Herberge e.V.<br>Naumburger Str. 39<br>04229 Leipzig<\/p>\n\n\n\n<p>Mobil<a href=\"Mobil:\n+49 151 4201 5167\">:<\/a> +49 151 4201 5167<br>E-Mail: <a href=\"mailto:kik.naumburger@herberge.org\">kik.naumburger@herberge.org<\/a><\/p>\n\n\n\n<p>Diese Ma\u00dfnahme wird mitfinanziert mit Steuermitteln auf Grundlage des vom S\u00e4chsischen Landtag beschlossenen Haushaltes.<\/p>\n\n\n\n<figure class=\"wp-block-image size-large\"><img loading=\"lazy\" decoding=\"async\" width=\"1024\" height=\"177\" src=\"https:\/\/herberge.org\/wordpress\/wp-content\/uploads\/2025\/06\/Foerderhinweis_Ausschnitt-1024x177.png\" alt=\"\" class=\"wp-image-1118\" srcset=\"https:\/\/herberge.org\/wordpress\/wp-content\/uploads\/2025\/06\/Foerderhinweis_Ausschnitt-1024x177.png 1024w, https:\/\/herberge.org\/wordpress\/wp-content\/uploads\/2025\/06\/Foerderhinweis_Ausschnitt-300x52.png 300w, https:\/\/herberge.org\/wordpress\/wp-content\/uploads\/2025\/06\/Foerderhinweis_Ausschnitt-768x133.png 768w, https:\/\/herberge.org\/wordpress\/wp-content\/uploads\/2025\/06\/Foerderhinweis_Ausschnitt-1536x265.png 1536w, https:\/\/herberge.org\/wordpress\/wp-content\/uploads\/2025\/06\/Foerderhinweis_Ausschnitt.png 1713w\" sizes=\"auto, (max-width: 1024px) 100vw, 1024px\" \/><\/figure>\n","protected":false},"excerpt":{"rendered":"<p>Die KIK kooperiert mit den gesellschaftlichen Tr\u00e4gern, bef\u00f6rdert die Arbeit der haupt- und ehrenamtlichen Akteure, ist Ansprechpartnerin f\u00fcr B\u00fcrger:innen und Migrant:innen und vermittelt zwischen den Beteiligten sowie kommunalen Amts- und Verantwortungstr\u00e4gern. Sie soll sich auf allen Seiten f\u00fcr passende Rahmenbedingungen bei der Integration einsetzen. So erreichen Sie uns: Kommunale Integrationskoordinatorin Leipziger Westen\/Naumburger Str. 39Katja Dorsch &hellip; <a href=\"https:\/\/herberge.org\/wordpress\/kommunale-integrationskoordination-kik-leipziger-westen-naumburger-str-39\/\" class=\"more-link\"><span class=\"screen-reader-text\">Kommunale Integrationskoordination (KIK) Leipziger Westen\/Naumburger Str. 39<\/span> weiterlesen<\/a><\/p>\n","protected":false},"author":2,"featured_media":0,"parent":0,"menu_order":0,"comment_status":"closed","ping_status":"closed","template":"","meta":{"footnotes":""},"class_list":["post-861","page","type-page","status-publish","hentry"],"_links":{"self":[{"href":"https:\/\/herberge.org\/wordpress\/wp-json\/wp\/v2\/pages\/861","targetHints":{"allow":["GET"]}}],"collection":[{"href":"https:\/\/herberge.org\/wordpress\/wp-json\/wp\/v2\/pages"}],"about":[{"href":"https:\/\/herberge.org\/wordpress\/wp-json\/wp\/v2\/types\/page"}],"author":[{"embeddable":true,"href":"https:\/\/herberge.org\/wordpress\/wp-json\/wp\/v2\/users\/2"}],"replies":[{"embeddable":true,"href":"https:\/\/herberge.org\/wordpress\/wp-json\/wp\/v2\/comments?post=861"}],"version-history":[{"count":6,"href":"https:\/\/herberge.org\/wordpress\/wp-json\/wp\/v2\/pages\/861\/revisions"}],"predecessor-version":[{"id":1119,"href":"https:\/\/herberge.org\/wordpress\/wp-json\/wp\/v2\/pages\/861\/revisions\/1119"}],"wp:attachment":[{"href":"https:\/\/herberge.org\/wordpress\/wp-json\/wp\/v2\/media?parent=861"}],"curies":[{"name":"wp","href":"https:\/\/api.w.org\/{rel}","templated":true}]}}